{"id":7292,"date":"2021-01-06T19:30:24","date_gmt":"2021-01-06T18:30:24","guid":{"rendered":"https:\/\/www.hopmann-garten.de\/?post_type=product&#038;p=7292"},"modified":"2025-08-05T16:54:31","modified_gmt":"2025-08-05T14:54:31","slug":"grundfutter-black-magic","status":"publish","type":"product","link":"https:\/\/www.hopmann-garten.de\/?product=grundfutter-black-magic","title":{"rendered":"Grundfutter Black Magic"},"content":{"rendered":"<p>Grundfutter Black Magic f\u00fcr schwierige Bedingungen, durch die sehr dunkle, fast schwarze Farbe ist dieses Grundfutter perfekt f\u00fcr klare Gew\u00e4sser geeignet. Es passt sich dem Gew\u00e4ssergrund optimal an und hat weniger Scheuchwirkung bei dunklem Gew\u00e4ssergrund. Das Futter hat eine mittlere K\u00f6rnung.<\/p>\n","protected":false},"excerpt":{"rendered":"<p>Grundfutter Black Magic f\u00fcr schwierige Bedingungen, durch die sehr dunkle, fast schwarze Farbe ist dieses Grundfutter perfekt f\u00fcr klare Gew\u00e4sser geeignet. Es passt sich dem Gew\u00e4ssergrund optimal an und hat weniger Scheuchwirkung bei dunklem Gew\u00e4ssergrund. Das Futter hat eine mittlere K\u00f6rnung.<\/p>\n","protected":false},"featured_media":7293,"comment_status":"closed","ping_status":"closed","template":"","meta":[],"product_brand":[],"product_cat":[224,129],"product_tag":[250],"class_list":{"0":"post-7292","1":"product","2":"type-product","3":"status-publish","4":"has-post-thumbnail","6":"product_cat-angelsport","7":"product_cat-hopmann","8":"product_tag-grundfutter-black-magic","10":"first","11":"outofstock","12":"taxable","13":"shipping-taxable","14":"purchasable","15":"product-type-simple"},"ams_default_variation_id":0,"ams_product_points_reward":[],"ams_product_discount_percentage":0,"ams_price_to_display":3.99,"ams_acf":[],"yoast_head":"<!-- This site is optimized with the Yoast SEO plugin v27.3 - https:\/\/yoast.com\/product\/yoast-seo-wordpress\/ -->\n<title>Grundfutter Black Magic -<\/title>\n<meta name=\"description\" content=\"Grundfutter Black Magic mit mittlerer K\u00f6rnung mit geringer Scheuchwirkung, optimal einzusetzen bei dunklem Gew\u00e4ssergrund.\" \/>\n<meta name=\"robots\" content=\"index, follow, max-snippet:-1, max-image-preview:large, max-video-preview:-1\" \/>\n<link rel=\"canonical\" href=\"https:\/\/www.hopmann-garten.de\/?product=grundfutter-black-magic\" \/>\n<meta property=\"og:locale\" content=\"de_DE\" \/>\n<meta property=\"og:type\" content=\"article\" \/>\n<meta property=\"og:title\" content=\"Grundfutter Black Magic -\" \/>\n<meta property=\"og:description\" content=\"Grundfutter Black Magic mit mittlerer K\u00f6rnung mit geringer Scheuchwirkung, optimal einzusetzen bei dunklem Gew\u00e4ssergrund.\" \/>\n<meta property=\"og:url\" content=\"https:\/\/www.hopmann-garten.de\/?product=grundfutter-black-magic\" \/>\n<meta property=\"article:publisher\" content=\"https:\/\/www.facebook.com\/HopmannGM\" \/>\n<meta property=\"article:modified_time\" content=\"2025-08-05T14:54:31+00:00\" \/>\n<meta property=\"og:image\" content=\"https:\/\/www.hopmann-garten.de\/wp-content\/uploads\/2021\/01\/3970007.jpg\" \/>\n\t<meta property=\"og:image:width\" content=\"2048\" \/>\n\t<meta property=\"og:image:height\" content=\"2029\" \/>\n\t<meta property=\"og:image:type\" content=\"image\/jpeg\" \/>\n<meta name=\"twitter:card\" content=\"summary_large_image\" \/>\n<meta name=\"twitter:label1\" content=\"Gesch\u00e4tzte Lesezeit\" \/>\n\t<meta name=\"twitter:data1\" content=\"1\u00a0Minute\" \/>\n<script type=\"application\/ld+json\" class=\"yoast-schema-graph\">{\"@context\":\"https:\\\/\\\/schema.org\",\"@graph\":[{\"@type\":\"WebPage\",\"@id\":\"https:\\\/\\\/www.hopmann-garten.de\\\/?product=grundfutter-black-magic\",\"url\":\"https:\\\/\\\/www.hopmann-garten.de\\\/?product=grundfutter-black-magic\",\"name\":\"Grundfutter Black Magic -\",\"isPartOf\":{\"@id\":\"https:\\\/\\\/www.hopmann-garten.de\\\/#website\"},\"primaryImageOfPage\":{\"@id\":\"https:\\\/\\\/www.hopmann-garten.de\\\/?product=grundfutter-black-magic#primaryimage\"},\"image\":{\"@id\":\"https:\\\/\\\/www.hopmann-garten.de\\\/?product=grundfutter-black-magic#primaryimage\"},\"thumbnailUrl\":\"https:\\\/\\\/www.hopmann-garten.de\\\/wp-content\\\/uploads\\\/2021\\\/01\\\/3970007.jpg\",\"datePublished\":\"2021-01-06T18:30:24+00:00\",\"dateModified\":\"2025-08-05T14:54:31+00:00\",\"description\":\"Grundfutter Black Magic mit mittlerer K\u00f6rnung mit geringer Scheuchwirkung, optimal einzusetzen bei dunklem Gew\u00e4ssergrund.\",\"breadcrumb\":{\"@id\":\"https:\\\/\\\/www.hopmann-garten.de\\\/?product=grundfutter-black-magic#breadcrumb\"},\"inLanguage\":\"de\",\"potentialAction\":[{\"@type\":\"ReadAction\",\"target\":[\"https:\\\/\\\/www.hopmann-garten.de\\\/?product=grundfutter-black-magic\"]}]},{\"@type\":\"ImageObject\",\"inLanguage\":\"de\",\"@id\":\"https:\\\/\\\/www.hopmann-garten.de\\\/?product=grundfutter-black-magic#primaryimage\",\"url\":\"https:\\\/\\\/www.hopmann-garten.de\\\/wp-content\\\/uploads\\\/2021\\\/01\\\/3970007.jpg\",\"contentUrl\":\"https:\\\/\\\/www.hopmann-garten.de\\\/wp-content\\\/uploads\\\/2021\\\/01\\\/3970007.jpg\",\"width\":2048,\"height\":2029,\"caption\":\"Grundfutter Black Magic\"},{\"@type\":\"BreadcrumbList\",\"@id\":\"https:\\\/\\\/www.hopmann-garten.de\\\/?product=grundfutter-black-magic#breadcrumb\",\"itemListElement\":[{\"@type\":\"ListItem\",\"position\":1,\"name\":\"Home\",\"item\":\"https:\\\/\\\/www.hopmann-garten.de\\\/\"},{\"@type\":\"ListItem\",\"position\":2,\"name\":\"Shop\",\"item\":\"https:\\\/\\\/www.hopmann-garten.de\\\/?page_id=1058\"},{\"@type\":\"ListItem\",\"position\":3,\"name\":\"Grundfutter Black Magic\"}]},{\"@type\":\"WebSite\",\"@id\":\"https:\\\/\\\/www.hopmann-garten.de\\\/#website\",\"url\":\"https:\\\/\\\/www.hopmann-garten.de\\\/\",\"name\":\"\",\"description\":\"\",\"publisher\":{\"@id\":\"https:\\\/\\\/www.hopmann-garten.de\\\/#organization\"},\"potentialAction\":[{\"@type\":\"SearchAction\",\"target\":{\"@type\":\"EntryPoint\",\"urlTemplate\":\"https:\\\/\\\/www.hopmann-garten.de\\\/?s={search_term_string}\"},\"query-input\":{\"@type\":\"PropertyValueSpecification\",\"valueRequired\":true,\"valueName\":\"search_term_string\"}}],\"inLanguage\":\"de\"},{\"@type\":\"Organization\",\"@id\":\"https:\\\/\\\/www.hopmann-garten.de\\\/#organization\",\"name\":\"Mobau Hopmann GmbH Garten- und Freizeitmarkt\",\"url\":\"https:\\\/\\\/www.hopmann-garten.de\\\/\",\"logo\":{\"@type\":\"ImageObject\",\"inLanguage\":\"de\",\"@id\":\"https:\\\/\\\/www.hopmann-garten.de\\\/#\\\/schema\\\/logo\\\/image\\\/\",\"url\":\"https:\\\/\\\/www.hopmann-garten.de\\\/wp-content\\\/uploads\\\/2025\\\/02\\\/image.png\",\"contentUrl\":\"https:\\\/\\\/www.hopmann-garten.de\\\/wp-content\\\/uploads\\\/2025\\\/02\\\/image.png\",\"width\":2823,\"height\":421,\"caption\":\"Mobau Hopmann GmbH Garten- und Freizeitmarkt\"},\"image\":{\"@id\":\"https:\\\/\\\/www.hopmann-garten.de\\\/#\\\/schema\\\/logo\\\/image\\\/\"},\"sameAs\":[\"https:\\\/\\\/www.facebook.com\\\/HopmannGM\",\"https:\\\/\\\/www.instagram.com\\\/garten_freizeitmarkt_hopmann\\\/\"]}]}<\/script>\n<!-- \/ Yoast SEO plugin. -->","yoast_head_json":{"title":"Grundfutter Black Magic -","description":"Grundfutter Black Magic mit mittlerer K\u00f6rnung mit geringer Scheuchwirkung, optimal einzusetzen bei dunklem Gew\u00e4ssergrund.","robots":{"index":"index","follow":"follow","max-snippet":"max-snippet:-1","max-image-preview":"max-image-preview:large","max-video-preview":"max-video-preview:-1"},"canonical":"https:\/\/www.hopmann-garten.de\/?product=grundfutter-black-magic","og_locale":"de_DE","og_type":"article","og_title":"Grundfutter Black Magic -","og_description":"Grundfutter Black Magic mit mittlerer K\u00f6rnung mit geringer Scheuchwirkung, optimal einzusetzen bei dunklem Gew\u00e4ssergrund.","og_url":"https:\/\/www.hopmann-garten.de\/?product=grundfutter-black-magic","article_publisher":"https:\/\/www.facebook.com\/HopmannGM","article_modified_time":"2025-08-05T14:54:31+00:00","og_image":[{"width":2048,"height":2029,"url":"https:\/\/www.hopmann-garten.de\/wp-content\/uploads\/2021\/01\/3970007.jpg","type":"image\/jpeg"}],"twitter_card":"summary_large_image","twitter_misc":{"Gesch\u00e4tzte Lesezeit":"1\u00a0Minute"},"schema":{"@context":"https:\/\/schema.org","@graph":[{"@type":"WebPage","@id":"https:\/\/www.hopmann-garten.de\/?product=grundfutter-black-magic","url":"https:\/\/www.hopmann-garten.de\/?product=grundfutter-black-magic","name":"Grundfutter Black Magic -","isPartOf":{"@id":"https:\/\/www.hopmann-garten.de\/#website"},"primaryImageOfPage":{"@id":"https:\/\/www.hopmann-garten.de\/?product=grundfutter-black-magic#primaryimage"},"image":{"@id":"https:\/\/www.hopmann-garten.de\/?product=grundfutter-black-magic#primaryimage"},"thumbnailUrl":"https:\/\/www.hopmann-garten.de\/wp-content\/uploads\/2021\/01\/3970007.jpg","datePublished":"2021-01-06T18:30:24+00:00","dateModified":"2025-08-05T14:54:31+00:00","description":"Grundfutter Black Magic mit mittlerer K\u00f6rnung mit geringer Scheuchwirkung, optimal einzusetzen bei dunklem Gew\u00e4ssergrund.","breadcrumb":{"@id":"https:\/\/www.hopmann-garten.de\/?product=grundfutter-black-magic#breadcrumb"},"inLanguage":"de","potentialAction":[{"@type":"ReadAction","target":["https:\/\/www.hopmann-garten.de\/?product=grundfutter-black-magic"]}]},{"@type":"ImageObject","inLanguage":"de","@id":"https:\/\/www.hopmann-garten.de\/?product=grundfutter-black-magic#primaryimage","url":"https:\/\/www.hopmann-garten.de\/wp-content\/uploads\/2021\/01\/3970007.jpg","contentUrl":"https:\/\/www.hopmann-garten.de\/wp-content\/uploads\/2021\/01\/3970007.jpg","width":2048,"height":2029,"caption":"Grundfutter Black Magic"},{"@type":"BreadcrumbList","@id":"https:\/\/www.hopmann-garten.de\/?product=grundfutter-black-magic#breadcrumb","itemListElement":[{"@type":"ListItem","position":1,"name":"Home","item":"https:\/\/www.hopmann-garten.de\/"},{"@type":"ListItem","position":2,"name":"Shop","item":"https:\/\/www.hopmann-garten.de\/?page_id=1058"},{"@type":"ListItem","position":3,"name":"Grundfutter Black Magic"}]},{"@type":"WebSite","@id":"https:\/\/www.hopmann-garten.de\/#website","url":"https:\/\/www.hopmann-garten.de\/","name":"","description":"","publisher":{"@id":"https:\/\/www.hopmann-garten.de\/#organization"},"potentialAction":[{"@type":"SearchAction","target":{"@type":"EntryPoint","urlTemplate":"https:\/\/www.hopmann-garten.de\/?s={search_term_string}"},"query-input":{"@type":"PropertyValueSpecification","valueRequired":true,"valueName":"search_term_string"}}],"inLanguage":"de"},{"@type":"Organization","@id":"https:\/\/www.hopmann-garten.de\/#organization","name":"Mobau Hopmann GmbH Garten- und Freizeitmarkt","url":"https:\/\/www.hopmann-garten.de\/","logo":{"@type":"ImageObject","inLanguage":"de","@id":"https:\/\/www.hopmann-garten.de\/#\/schema\/logo\/image\/","url":"https:\/\/www.hopmann-garten.de\/wp-content\/uploads\/2025\/02\/image.png","contentUrl":"https:\/\/www.hopmann-garten.de\/wp-content\/uploads\/2025\/02\/image.png","width":2823,"height":421,"caption":"Mobau Hopmann GmbH Garten- und Freizeitmarkt"},"image":{"@id":"https:\/\/www.hopmann-garten.de\/#\/schema\/logo\/image\/"},"sameAs":["https:\/\/www.facebook.com\/HopmannGM","https:\/\/www.instagram.com\/garten_freizeitmarkt_hopmann\/"]}]}},"_links":{"self":[{"href":"https:\/\/www.hopmann-garten.de\/index.php?rest_route=\/wp\/v2\/product\/7292","targetHints":{"allow":["GET"]}}],"collection":[{"href":"https:\/\/www.hopmann-garten.de\/index.php?rest_route=\/wp\/v2\/product"}],"about":[{"href":"https:\/\/www.hopmann-garten.de\/index.php?rest_route=\/wp\/v2\/types\/product"}],"replies":[{"embeddable":true,"href":"https:\/\/www.hopmann-garten.de\/index.php?rest_route=%2Fwp%2Fv2%2Fcomments&post=7292"}],"wp:featuredmedia":[{"embeddable":true,"href":"https:\/\/www.hopmann-garten.de\/index.php?rest_route=\/wp\/v2\/media\/7293"}],"wp:attachment":[{"href":"https:\/\/www.hopmann-garten.de\/index.php?rest_route=%2Fwp%2Fv2%2Fmedia&parent=7292"}],"wp:term":[{"taxonomy":"product_brand","embeddable":true,"href":"https:\/\/www.hopmann-garten.de\/index.php?rest_route=%2Fwp%2Fv2%2Fproduct_brand&post=7292"},{"taxonomy":"product_cat","embeddable":true,"href":"https:\/\/www.hopmann-garten.de\/index.php?rest_route=%2Fwp%2Fv2%2Fproduct_cat&post=7292"},{"taxonomy":"product_tag","embeddable":true,"href":"https:\/\/www.hopmann-garten.de\/index.php?rest_route=%2Fwp%2Fv2%2Fproduct_tag&post=7292"}],"curies":[{"name":"wp","href":"https:\/\/api.w.org\/{rel}","templated":true}]}}