{"id":51,"date":"2016-01-25T09:30:15","date_gmt":"2016-01-25T08:30:15","guid":{"rendered":"http:\/\/test.bastelshop-xanten.de\/?page_id=51"},"modified":"2025-02-17T21:56:38","modified_gmt":"2025-02-17T20:56:38","slug":"bastelshop","status":"publish","type":"page","link":"https:\/\/www.hopmann-garten.de\/?page_id=51","title":{"rendered":"Bastelshop im Hopmann Garten- &amp; Freizeitmarkt Xanten"},"content":{"rendered":"\n<div id=\"c138\" class=\"csc-default\">&nbsp;<\/div>\n\n\n\n<p><\/p>\n\n\n\n<div class=\"wp-block-group alignfull is-content-justification-center is-layout-constrained wp-container-core-group-is-layout-df757ecc wp-block-group-is-layout-constrained\" style=\"margin-top:0;margin-bottom:0;padding-top:calc( 0.5 * var(--wp--style--root--padding-right, var(--wp--custom--gap--horizontal)));padding-right:var(--wp--style--root--padding-right, var(--wp--custom--gap--horizontal));padding-bottom:calc( 0.5 * var(--wp--style--root--padding-right, var(--wp--custom--gap--horizontal)));padding-left:var(--wp--style--root--padding-left, var(--wp--custom--gap--horizontal))\">\n<div style=\"height:calc( 0.25 * var(--wp--style--root--padding-right, var(--wp--custom--gap--horizontal)))\" aria-hidden=\"true\" class=\"wp-block-spacer\"><\/div>\n\n\n\n<div class=\"wp-block-columns alignwide are-vertically-aligned-center is-layout-flex wp-container-core-columns-is-layout-7fc3d43a wp-block-columns-is-layout-flex\">\n<div class=\"wp-block-column is-vertically-aligned-center is-layout-flow wp-block-column-is-layout-flow\">\n<figure class=\"wp-block-image size-full\"><img loading=\"lazy\" decoding=\"async\" width=\"1536\" height=\"2048\" src=\"https:\/\/www.hopmann-garten.de\/wp-content\/uploads\/2025\/02\/IMG_9738.jpg\" alt=\"\" class=\"wp-image-9729\" style=\"aspect-ratio:1;object-fit:cover\" srcset=\"https:\/\/www.hopmann-garten.de\/wp-content\/uploads\/2025\/02\/IMG_9738.jpg 1536w, https:\/\/www.hopmann-garten.de\/wp-content\/uploads\/2025\/02\/IMG_9738-225x300.jpg 225w, https:\/\/www.hopmann-garten.de\/wp-content\/uploads\/2025\/02\/IMG_9738-768x1024.jpg 768w, https:\/\/www.hopmann-garten.de\/wp-content\/uploads\/2025\/02\/IMG_9738-1152x1536.jpg 1152w, https:\/\/www.hopmann-garten.de\/wp-content\/uploads\/2025\/02\/IMG_9738-300x400.jpg 300w, https:\/\/www.hopmann-garten.de\/wp-content\/uploads\/2025\/02\/IMG_9738-450x600.jpg 450w, https:\/\/www.hopmann-garten.de\/wp-content\/uploads\/2025\/02\/IMG_9738-600x800.jpg 600w\" sizes=\"auto, (max-width: 1536px) 100vw, 1536px\" \/><\/figure>\n<\/div>\n\n\n\n<div class=\"wp-block-column is-vertically-aligned-center is-layout-flow wp-block-column-is-layout-flow\">\n<h2 class=\"wp-block-heading alignwide\">Plotterfolien und Zubeh\u00f6r<\/h2>\n\n\n\n<p>Neu in unserem Bastelshop: Plotterfolien, Flexfolien und Vinylfolien, in A4, Vinylfolien als Rollenware (300 cm), sowie verschiedenes Plotterzubeh\u00f6r wie Ersatzmesser und Schneidematten. Auf Wunsch sind auch die Plotter von verschiedenen Herstellern bestellbar. Sprechen Sie uns einfach an!<\/p>\n<\/div>\n<\/div>\n\n\n\n<div style=\"height:calc( 0.25 * var(--wp--style--root--padding-right, var(--wp--custom--gap--horizontal)))\" aria-hidden=\"true\" class=\"wp-block-spacer\"><\/div>\n<\/div>\n\n\n\n<div class=\"wp-block-group alignfull is-content-justification-center is-layout-constrained wp-container-core-group-is-layout-df757ecc wp-block-group-is-layout-constrained\" style=\"margin-top:0;margin-bottom:0;padding-top:calc( 0.5 * var(--wp--style--root--padding-right, var(--wp--custom--gap--horizontal)));padding-right:var(--wp--style--root--padding-right, var(--wp--custom--gap--horizontal));padding-bottom:calc( 0.5 * var(--wp--style--root--padding-right, var(--wp--custom--gap--horizontal)));padding-left:var(--wp--style--root--padding-left, var(--wp--custom--gap--horizontal))\">\n<div style=\"height:calc( 0.25 * var(--wp--style--root--padding-right, var(--wp--custom--gap--horizontal)))\" aria-hidden=\"true\" class=\"wp-block-spacer\"><\/div>\n\n\n\n<div class=\"wp-block-columns alignwide is-layout-flex wp-container-core-columns-is-layout-7fc3d43a wp-block-columns-is-layout-flex\">\n<div class=\"wp-block-column is-vertically-aligned-center is-content-justification-left is-layout-constrained wp-container-core-column-is-layout-128e448e wp-block-column-is-layout-constrained\" style=\"flex-basis:40%\">\n<h2 class=\"wp-block-heading\">Grenzenlose M\u00f6glichkeiten<\/h2>\n\n\n\n<p>Wir sind kompetenter St\u00fctzpunkth\u00e4ndler f\u00fcr Rayher Bastelartikel. In unserem Gesch\u00e4ft finden Sie eine gro\u00dfe Auswahl an Artikeln rund um das Thema Basteln und die entsprechende Beratung.<\/p>\n\n\n\n<p>So macht kreativ sein richtig Spa\u00df!<\/p>\n\n\n\n<p>In unserer Bastelecke f\u00fchren wir au\u00dferdem eine gro\u00dfe Auswahl an Tonpapier und Tonkarton in den verschiedensten Farben.<\/p>\n\n\n\n<p>Ein gro\u00dfer Spa\u00df f\u00fcr jung und alt f\u00fcr endlose Kreativit\u00e4t!<\/p>\n<\/div>\n\n\n\n<div class=\"wp-block-column is-layout-flow wp-block-column-is-layout-flow\">\n<div class=\"wp-block-columns alignwide is-layout-flex wp-container-core-columns-is-layout-85695472 wp-block-columns-is-layout-flex\">\n<div class=\"wp-block-column is-layout-flow wp-container-core-column-is-layout-6b73ce23 wp-block-column-is-layout-flow\">\n<figure class=\"wp-block-image size-large is-resized\"><img loading=\"lazy\" decoding=\"async\" width=\"768\" height=\"1024\" src=\"https:\/\/www.hopmann-garten.de\/wp-content\/uploads\/2024\/01\/IMG-20240111-WA0011-768x1024.jpg\" alt=\"Plotterfolien\" class=\"wp-image-8635\" style=\"width:838px;height:auto\" srcset=\"https:\/\/www.hopmann-garten.de\/wp-content\/uploads\/2024\/01\/IMG-20240111-WA0011-768x1024.jpg 768w, https:\/\/www.hopmann-garten.de\/wp-content\/uploads\/2024\/01\/IMG-20240111-WA0011-225x300.jpg 225w, https:\/\/www.hopmann-garten.de\/wp-content\/uploads\/2024\/01\/IMG-20240111-WA0011-1152x1536.jpg 1152w, https:\/\/www.hopmann-garten.de\/wp-content\/uploads\/2024\/01\/IMG-20240111-WA0011-300x400.jpg 300w, https:\/\/www.hopmann-garten.de\/wp-content\/uploads\/2024\/01\/IMG-20240111-WA0011-450x600.jpg 450w, https:\/\/www.hopmann-garten.de\/wp-content\/uploads\/2024\/01\/IMG-20240111-WA0011.jpg 1536w\" sizes=\"auto, (max-width: 768px) 100vw, 768px\" \/><\/figure>\n\n\n\n<figure class=\"wp-block-image size-full is-style-default\"><img loading=\"lazy\" decoding=\"async\" width=\"1536\" height=\"2048\" src=\"https:\/\/www.hopmann-garten.de\/wp-content\/uploads\/2025\/02\/IMG_8412.jpg\" alt=\"\" class=\"wp-image-9723\" style=\"aspect-ratio:1;object-fit:cover\" srcset=\"https:\/\/www.hopmann-garten.de\/wp-content\/uploads\/2025\/02\/IMG_8412.jpg 1536w, https:\/\/www.hopmann-garten.de\/wp-content\/uploads\/2025\/02\/IMG_8412-225x300.jpg 225w, https:\/\/www.hopmann-garten.de\/wp-content\/uploads\/2025\/02\/IMG_8412-768x1024.jpg 768w, https:\/\/www.hopmann-garten.de\/wp-content\/uploads\/2025\/02\/IMG_8412-1152x1536.jpg 1152w, https:\/\/www.hopmann-garten.de\/wp-content\/uploads\/2025\/02\/IMG_8412-300x400.jpg 300w, https:\/\/www.hopmann-garten.de\/wp-content\/uploads\/2025\/02\/IMG_8412-450x600.jpg 450w, https:\/\/www.hopmann-garten.de\/wp-content\/uploads\/2025\/02\/IMG_8412-600x800.jpg 600w\" sizes=\"auto, (max-width: 1536px) 100vw, 1536px\" \/><\/figure>\n<\/div>\n\n\n\n<div class=\"wp-block-column is-layout-flow wp-container-core-column-is-layout-6b73ce23 wp-block-column-is-layout-flow\">\n<figure class=\"wp-block-image size-full is-style-default\"><img loading=\"lazy\" decoding=\"async\" width=\"1536\" height=\"2048\" src=\"https:\/\/www.hopmann-garten.de\/wp-content\/uploads\/2025\/02\/IMG_9038.jpg\" alt=\"\" class=\"wp-image-9718\" style=\"aspect-ratio:1;object-fit:cover\" srcset=\"https:\/\/www.hopmann-garten.de\/wp-content\/uploads\/2025\/02\/IMG_9038.jpg 1536w, https:\/\/www.hopmann-garten.de\/wp-content\/uploads\/2025\/02\/IMG_9038-225x300.jpg 225w, https:\/\/www.hopmann-garten.de\/wp-content\/uploads\/2025\/02\/IMG_9038-768x1024.jpg 768w, https:\/\/www.hopmann-garten.de\/wp-content\/uploads\/2025\/02\/IMG_9038-1152x1536.jpg 1152w, https:\/\/www.hopmann-garten.de\/wp-content\/uploads\/2025\/02\/IMG_9038-300x400.jpg 300w, https:\/\/www.hopmann-garten.de\/wp-content\/uploads\/2025\/02\/IMG_9038-450x600.jpg 450w, https:\/\/www.hopmann-garten.de\/wp-content\/uploads\/2025\/02\/IMG_9038-600x800.jpg 600w\" sizes=\"auto, (max-width: 1536px) 100vw, 1536px\" \/><\/figure>\n\n\n\n<figure class=\"wp-block-image size-full is-style-default\"><img loading=\"lazy\" decoding=\"async\" width=\"2048\" height=\"1536\" src=\"https:\/\/www.hopmann-garten.de\/wp-content\/uploads\/2025\/02\/image-3.jpeg\" alt=\"\" class=\"wp-image-9728\" style=\"aspect-ratio:1;object-fit:cover\" srcset=\"https:\/\/www.hopmann-garten.de\/wp-content\/uploads\/2025\/02\/image-3.jpeg 2048w, https:\/\/www.hopmann-garten.de\/wp-content\/uploads\/2025\/02\/image-3-300x225.jpeg 300w, https:\/\/www.hopmann-garten.de\/wp-content\/uploads\/2025\/02\/image-3-1024x768.jpeg 1024w, https:\/\/www.hopmann-garten.de\/wp-content\/uploads\/2025\/02\/image-3-768x576.jpeg 768w, https:\/\/www.hopmann-garten.de\/wp-content\/uploads\/2025\/02\/image-3-1536x1152.jpeg 1536w, https:\/\/www.hopmann-garten.de\/wp-content\/uploads\/2025\/02\/image-3-450x338.jpeg 450w, https:\/\/www.hopmann-garten.de\/wp-content\/uploads\/2025\/02\/image-3-600x450.jpeg 600w\" sizes=\"auto, (max-width: 2048px) 100vw, 2048px\" \/><\/figure>\n<\/div>\n<\/div>\n<\/div>\n<\/div>\n\n\n\n<div style=\"height:calc( 0.25 * var(--wp--style--root--padding-right, var(--wp--custom--gap--horizontal)))\" aria-hidden=\"true\" class=\"wp-block-spacer\"><\/div>\n<\/div>\n\n\n\n<div class=\"wp-block-group alignfull is-content-justification-center is-layout-constrained wp-container-core-group-is-layout-df757ecc wp-block-group-is-layout-constrained\" style=\"margin-top:0;margin-bottom:0;padding-top:calc( 0.5 * var(--wp--style--root--padding-right, var(--wp--custom--gap--horizontal)));padding-right:var(--wp--style--root--padding-right, var(--wp--custom--gap--horizontal));padding-bottom:calc( 0.5 * var(--wp--style--root--padding-right, var(--wp--custom--gap--horizontal)));padding-left:var(--wp--style--root--padding-left, var(--wp--custom--gap--horizontal))\">\n<div style=\"height:calc( 0.25 * var(--wp--style--root--padding-right, var(--wp--custom--gap--horizontal)))\" aria-hidden=\"true\" class=\"wp-block-spacer\"><\/div>\n\n\n\n<div class=\"wp-block-columns alignwide are-vertically-aligned-center is-layout-flex wp-container-core-columns-is-layout-7fc3d43a wp-block-columns-is-layout-flex\">\n<div class=\"wp-block-column is-vertically-aligned-center is-layout-flow wp-block-column-is-layout-flow\">\n<figure class=\"wp-block-image size-full\"><img loading=\"lazy\" decoding=\"async\" width=\"1536\" height=\"2048\" src=\"https:\/\/www.hopmann-garten.de\/wp-content\/uploads\/2025\/02\/IMG_8703.jpg\" alt=\"\" class=\"wp-image-9722\" style=\"aspect-ratio:1;object-fit:cover\" srcset=\"https:\/\/www.hopmann-garten.de\/wp-content\/uploads\/2025\/02\/IMG_8703.jpg 1536w, https:\/\/www.hopmann-garten.de\/wp-content\/uploads\/2025\/02\/IMG_8703-225x300.jpg 225w, https:\/\/www.hopmann-garten.de\/wp-content\/uploads\/2025\/02\/IMG_8703-768x1024.jpg 768w, https:\/\/www.hopmann-garten.de\/wp-content\/uploads\/2025\/02\/IMG_8703-1152x1536.jpg 1152w, https:\/\/www.hopmann-garten.de\/wp-content\/uploads\/2025\/02\/IMG_8703-300x400.jpg 300w, https:\/\/www.hopmann-garten.de\/wp-content\/uploads\/2025\/02\/IMG_8703-450x600.jpg 450w, https:\/\/www.hopmann-garten.de\/wp-content\/uploads\/2025\/02\/IMG_8703-600x800.jpg 600w\" sizes=\"auto, (max-width: 1536px) 100vw, 1536px\" \/><\/figure>\n<\/div>\n\n\n\n<div class=\"wp-block-column is-vertically-aligned-center is-layout-flow wp-block-column-is-layout-flow\">\n<h2 class=\"wp-block-heading alignwide\">Raysin Gie\u00dfpulver<\/h2>\n\n\n\n<p>Das Gie\u00dfpulver Raysin (wei\u00df und schwarz) von Rayher ist Grundstoff f\u00fcr zahlreiche Gie\u00dfprojekte und wundersch\u00f6ne Deko-Accessoires. Das Raysin-Gie\u00dfpulver gibt es in zwei unterschiedlichen Qualit\u00e4ten, je nach Anwendungsbereich. Einfach anr\u00fchren und gie\u00dfen. Raysin Gie\u00dfpulver ist lufttrocknend, geruchslos und lebensmittelneutral und damit der perfekte Grundstoff zum Gie\u00dfen. Das Gie\u00dfpulver und viele verschiedene Formen finden Sie in unserem\u00a0Bastelshop!<\/p>\n<\/div>\n<\/div>\n\n\n\n<div style=\"height:calc( 0.25 * var(--wp--style--root--padding-right, var(--wp--custom--gap--horizontal)))\" aria-hidden=\"true\" class=\"wp-block-spacer\"><\/div>\n<\/div>\n","protected":false},"excerpt":{"rendered":"<p>&nbsp; Plotterfolien und Zubeh\u00f6r Neu in unserem Bastelshop: Plotterfolien, Flexfolien und Vinylfolien, in A4, Vinylfolien als Rollenware (300 cm), sowie verschiedenes Plotterzubeh\u00f6r wie Ersatzmesser und Schneidematten. Auf Wunsch sind auch die Plotter von verschiedenen Herstellern bestellbar. Sprechen Sie uns einfach an! Grenzenlose M\u00f6glichkeiten Wir sind kompetenter St\u00fctzpunkth\u00e4ndler f\u00fcr Rayher Bastelartikel. In unserem Gesch\u00e4ft finden Sie [&hellip;]<\/p>\n","protected":false},"author":1,"featured_media":8575,"parent":21,"menu_order":0,"comment_status":"closed","ping_status":"closed","template":"","meta":{"footnotes":""},"class_list":["post-51","page","type-page","status-publish","has-post-thumbnail","hentry"],"ams_acf":[],"yoast_head":"<!-- This site is optimized with the Yoast SEO plugin v27.4 - https:\/\/yoast.com\/product\/yoast-seo-wordpress\/ -->\n<title>Bastelshop<\/title>\n<meta name=\"description\" content=\"Bastelbedarf, Bastel-Trends, kostenlose Ideen und vieles mehr. Besuchen Sie unseren Bastelshop und werden Sie kreativ!\" \/>\n<meta name=\"robots\" content=\"index, follow, max-snippet:-1, max-image-preview:large, max-video-preview:-1\" \/>\n<link rel=\"canonical\" href=\"https:\/\/www.hopmann-garten.de\/?page_id=51\" \/>\n<meta property=\"og:locale\" content=\"de_DE\" \/>\n<meta property=\"og:type\" content=\"article\" \/>\n<meta property=\"og:title\" content=\"Bastelshop\" \/>\n<meta property=\"og:description\" content=\"Bastelbedarf, Bastel-Trends, kostenlose Ideen und vieles mehr. Besuchen Sie unseren Bastelshop und werden Sie kreativ!\" \/>\n<meta property=\"og:url\" content=\"https:\/\/www.hopmann-garten.de\/?page_id=51\" \/>\n<meta property=\"article:publisher\" content=\"https:\/\/www.facebook.com\/HopmannGM\" \/>\n<meta property=\"article:modified_time\" content=\"2025-02-17T20:56:38+00:00\" \/>\n<meta property=\"og:image\" content=\"https:\/\/www.hopmann-garten.de\/wp-content\/uploads\/2023\/12\/IMG-20231202-WA0010.jpg\" \/>\n\t<meta property=\"og:image:width\" content=\"768\" \/>\n\t<meta property=\"og:image:height\" content=\"1024\" \/>\n\t<meta property=\"og:image:type\" content=\"image\/jpeg\" \/>\n<meta name=\"twitter:card\" content=\"summary_large_image\" \/>\n<meta name=\"twitter:label1\" content=\"Gesch\u00e4tzte Lesezeit\" \/>\n\t<meta name=\"twitter:data1\" content=\"3\u00a0Minuten\" \/>\n<script type=\"application\/ld+json\" class=\"yoast-schema-graph\">{\"@context\":\"https:\\\/\\\/schema.org\",\"@graph\":[{\"@type\":\"WebPage\",\"@id\":\"https:\\\/\\\/www.hopmann-garten.de\\\/?page_id=51\",\"url\":\"https:\\\/\\\/www.hopmann-garten.de\\\/?page_id=51\",\"name\":\"Bastelshop\",\"isPartOf\":{\"@id\":\"https:\\\/\\\/www.hopmann-garten.de\\\/#website\"},\"primaryImageOfPage\":{\"@id\":\"https:\\\/\\\/www.hopmann-garten.de\\\/?page_id=51#primaryimage\"},\"image\":{\"@id\":\"https:\\\/\\\/www.hopmann-garten.de\\\/?page_id=51#primaryimage\"},\"thumbnailUrl\":\"https:\\\/\\\/www.hopmann-garten.de\\\/wp-content\\\/uploads\\\/2023\\\/12\\\/IMG-20231202-WA0010.jpg\",\"datePublished\":\"2016-01-25T08:30:15+00:00\",\"dateModified\":\"2025-02-17T20:56:38+00:00\",\"description\":\"Bastelbedarf, Bastel-Trends, kostenlose Ideen und vieles mehr. Besuchen Sie unseren Bastelshop und werden Sie kreativ!\",\"breadcrumb\":{\"@id\":\"https:\\\/\\\/www.hopmann-garten.de\\\/?page_id=51#breadcrumb\"},\"inLanguage\":\"de\",\"potentialAction\":[{\"@type\":\"ReadAction\",\"target\":[\"https:\\\/\\\/www.hopmann-garten.de\\\/?page_id=51\"]}]},{\"@type\":\"ImageObject\",\"inLanguage\":\"de\",\"@id\":\"https:\\\/\\\/www.hopmann-garten.de\\\/?page_id=51#primaryimage\",\"url\":\"https:\\\/\\\/www.hopmann-garten.de\\\/wp-content\\\/uploads\\\/2023\\\/12\\\/IMG-20231202-WA0010.jpg\",\"contentUrl\":\"https:\\\/\\\/www.hopmann-garten.de\\\/wp-content\\\/uploads\\\/2023\\\/12\\\/IMG-20231202-WA0010.jpg\",\"width\":768,\"height\":1024,\"caption\":\"Plotterfolien\"},{\"@type\":\"BreadcrumbList\",\"@id\":\"https:\\\/\\\/www.hopmann-garten.de\\\/?page_id=51#breadcrumb\",\"itemListElement\":[{\"@type\":\"ListItem\",\"position\":1,\"name\":\"Home\",\"item\":\"https:\\\/\\\/www.hopmann-garten.de\\\/\"},{\"@type\":\"ListItem\",\"position\":2,\"name\":\"Sortiment\",\"item\":\"https:\\\/\\\/www.hopmann-garten.de\\\/?page_id=21\"},{\"@type\":\"ListItem\",\"position\":3,\"name\":\"Bastelshop im Hopmann Garten- &amp; Freizeitmarkt Xanten\"}]},{\"@type\":\"WebSite\",\"@id\":\"https:\\\/\\\/www.hopmann-garten.de\\\/#website\",\"url\":\"https:\\\/\\\/www.hopmann-garten.de\\\/\",\"name\":\"\",\"description\":\"\",\"publisher\":{\"@id\":\"https:\\\/\\\/www.hopmann-garten.de\\\/#organization\"},\"potentialAction\":[{\"@type\":\"SearchAction\",\"target\":{\"@type\":\"EntryPoint\",\"urlTemplate\":\"https:\\\/\\\/www.hopmann-garten.de\\\/?s={search_term_string}\"},\"query-input\":{\"@type\":\"PropertyValueSpecification\",\"valueRequired\":true,\"valueName\":\"search_term_string\"}}],\"inLanguage\":\"de\"},{\"@type\":\"Organization\",\"@id\":\"https:\\\/\\\/www.hopmann-garten.de\\\/#organization\",\"name\":\"Mobau Hopmann GmbH Garten- und Freizeitmarkt\",\"url\":\"https:\\\/\\\/www.hopmann-garten.de\\\/\",\"logo\":{\"@type\":\"ImageObject\",\"inLanguage\":\"de\",\"@id\":\"https:\\\/\\\/www.hopmann-garten.de\\\/#\\\/schema\\\/logo\\\/image\\\/\",\"url\":\"https:\\\/\\\/www.hopmann-garten.de\\\/wp-content\\\/uploads\\\/2025\\\/02\\\/image.png\",\"contentUrl\":\"https:\\\/\\\/www.hopmann-garten.de\\\/wp-content\\\/uploads\\\/2025\\\/02\\\/image.png\",\"width\":2823,\"height\":421,\"caption\":\"Mobau Hopmann GmbH Garten- und Freizeitmarkt\"},\"image\":{\"@id\":\"https:\\\/\\\/www.hopmann-garten.de\\\/#\\\/schema\\\/logo\\\/image\\\/\"},\"sameAs\":[\"https:\\\/\\\/www.facebook.com\\\/HopmannGM\",\"https:\\\/\\\/www.instagram.com\\\/garten_freizeitmarkt_hopmann\\\/\"]}]}<\/script>\n<!-- \/ Yoast SEO plugin. -->","yoast_head_json":{"title":"Bastelshop","description":"Bastelbedarf, Bastel-Trends, kostenlose Ideen und vieles mehr. Besuchen Sie unseren Bastelshop und werden Sie kreativ!","robots":{"index":"index","follow":"follow","max-snippet":"max-snippet:-1","max-image-preview":"max-image-preview:large","max-video-preview":"max-video-preview:-1"},"canonical":"https:\/\/www.hopmann-garten.de\/?page_id=51","og_locale":"de_DE","og_type":"article","og_title":"Bastelshop","og_description":"Bastelbedarf, Bastel-Trends, kostenlose Ideen und vieles mehr. Besuchen Sie unseren Bastelshop und werden Sie kreativ!","og_url":"https:\/\/www.hopmann-garten.de\/?page_id=51","article_publisher":"https:\/\/www.facebook.com\/HopmannGM","article_modified_time":"2025-02-17T20:56:38+00:00","og_image":[{"width":768,"height":1024,"url":"https:\/\/www.hopmann-garten.de\/wp-content\/uploads\/2023\/12\/IMG-20231202-WA0010.jpg","type":"image\/jpeg"}],"twitter_card":"summary_large_image","twitter_misc":{"Gesch\u00e4tzte Lesezeit":"3\u00a0Minuten"},"schema":{"@context":"https:\/\/schema.org","@graph":[{"@type":"WebPage","@id":"https:\/\/www.hopmann-garten.de\/?page_id=51","url":"https:\/\/www.hopmann-garten.de\/?page_id=51","name":"Bastelshop","isPartOf":{"@id":"https:\/\/www.hopmann-garten.de\/#website"},"primaryImageOfPage":{"@id":"https:\/\/www.hopmann-garten.de\/?page_id=51#primaryimage"},"image":{"@id":"https:\/\/www.hopmann-garten.de\/?page_id=51#primaryimage"},"thumbnailUrl":"https:\/\/www.hopmann-garten.de\/wp-content\/uploads\/2023\/12\/IMG-20231202-WA0010.jpg","datePublished":"2016-01-25T08:30:15+00:00","dateModified":"2025-02-17T20:56:38+00:00","description":"Bastelbedarf, Bastel-Trends, kostenlose Ideen und vieles mehr. Besuchen Sie unseren Bastelshop und werden Sie kreativ!","breadcrumb":{"@id":"https:\/\/www.hopmann-garten.de\/?page_id=51#breadcrumb"},"inLanguage":"de","potentialAction":[{"@type":"ReadAction","target":["https:\/\/www.hopmann-garten.de\/?page_id=51"]}]},{"@type":"ImageObject","inLanguage":"de","@id":"https:\/\/www.hopmann-garten.de\/?page_id=51#primaryimage","url":"https:\/\/www.hopmann-garten.de\/wp-content\/uploads\/2023\/12\/IMG-20231202-WA0010.jpg","contentUrl":"https:\/\/www.hopmann-garten.de\/wp-content\/uploads\/2023\/12\/IMG-20231202-WA0010.jpg","width":768,"height":1024,"caption":"Plotterfolien"},{"@type":"BreadcrumbList","@id":"https:\/\/www.hopmann-garten.de\/?page_id=51#breadcrumb","itemListElement":[{"@type":"ListItem","position":1,"name":"Home","item":"https:\/\/www.hopmann-garten.de\/"},{"@type":"ListItem","position":2,"name":"Sortiment","item":"https:\/\/www.hopmann-garten.de\/?page_id=21"},{"@type":"ListItem","position":3,"name":"Bastelshop im Hopmann Garten- &amp; Freizeitmarkt Xanten"}]},{"@type":"WebSite","@id":"https:\/\/www.hopmann-garten.de\/#website","url":"https:\/\/www.hopmann-garten.de\/","name":"","description":"","publisher":{"@id":"https:\/\/www.hopmann-garten.de\/#organization"},"potentialAction":[{"@type":"SearchAction","target":{"@type":"EntryPoint","urlTemplate":"https:\/\/www.hopmann-garten.de\/?s={search_term_string}"},"query-input":{"@type":"PropertyValueSpecification","valueRequired":true,"valueName":"search_term_string"}}],"inLanguage":"de"},{"@type":"Organization","@id":"https:\/\/www.hopmann-garten.de\/#organization","name":"Mobau Hopmann GmbH Garten- und Freizeitmarkt","url":"https:\/\/www.hopmann-garten.de\/","logo":{"@type":"ImageObject","inLanguage":"de","@id":"https:\/\/www.hopmann-garten.de\/#\/schema\/logo\/image\/","url":"https:\/\/www.hopmann-garten.de\/wp-content\/uploads\/2025\/02\/image.png","contentUrl":"https:\/\/www.hopmann-garten.de\/wp-content\/uploads\/2025\/02\/image.png","width":2823,"height":421,"caption":"Mobau Hopmann GmbH Garten- und Freizeitmarkt"},"image":{"@id":"https:\/\/www.hopmann-garten.de\/#\/schema\/logo\/image\/"},"sameAs":["https:\/\/www.facebook.com\/HopmannGM","https:\/\/www.instagram.com\/garten_freizeitmarkt_hopmann\/"]}]}},"_links":{"self":[{"href":"https:\/\/www.hopmann-garten.de\/index.php?rest_route=\/wp\/v2\/pages\/51","targetHints":{"allow":["GET"]}}],"collection":[{"href":"https:\/\/www.hopmann-garten.de\/index.php?rest_route=\/wp\/v2\/pages"}],"about":[{"href":"https:\/\/www.hopmann-garten.de\/index.php?rest_route=\/wp\/v2\/types\/page"}],"author":[{"embeddable":true,"href":"https:\/\/www.hopmann-garten.de\/index.php?rest_route=\/wp\/v2\/users\/1"}],"replies":[{"embeddable":true,"href":"https:\/\/www.hopmann-garten.de\/index.php?rest_route=%2Fwp%2Fv2%2Fcomments&post=51"}],"version-history":[{"count":17,"href":"https:\/\/www.hopmann-garten.de\/index.php?rest_route=\/wp\/v2\/pages\/51\/revisions"}],"predecessor-version":[{"id":9775,"href":"https:\/\/www.hopmann-garten.de\/index.php?rest_route=\/wp\/v2\/pages\/51\/revisions\/9775"}],"up":[{"embeddable":true,"href":"https:\/\/www.hopmann-garten.de\/index.php?rest_route=\/wp\/v2\/pages\/21"}],"wp:featuredmedia":[{"embeddable":true,"href":"https:\/\/www.hopmann-garten.de\/index.php?rest_route=\/wp\/v2\/media\/8575"}],"wp:attachment":[{"href":"https:\/\/www.hopmann-garten.de\/index.php?rest_route=%2Fwp%2Fv2%2Fmedia&parent=51"}],"curies":[{"name":"wp","href":"https:\/\/api.w.org\/{rel}","templated":true}]}}