{"id":4,"date":"2016-01-25T09:14:47","date_gmt":"2016-01-25T08:14:47","guid":{"rendered":"http:\/\/test.bastelshop-xanten.de\/?page_id=4"},"modified":"2025-02-18T12:22:35","modified_gmt":"2025-02-18T11:22:35","slug":"hopmann-garten-und-freizeitmarkt","status":"publish","type":"page","link":"https:\/\/www.hopmann-garten.de\/","title":{"rendered":"Hopmann Garten- und Freizeitmarkt"},"content":{"rendered":"<div id=\"pl-4\" class=\"panel-layout\">\n<div id=\"pg-4-0\" class=\"panel-grid panel-no-style\">\n<div id=\"pgc-4-0-0\" class=\"panel-grid-cell\" data-weight=\"1\">\n<div id=\"panel-4-0-0-0\" class=\"so-panel widget widget_sow-editor panel-first-child\" data-index=\"0\" data-style=\"{&quot;background_image_attachment&quot;:false,&quot;background_display&quot;:&quot;tile&quot;}\">\n<div class=\"so-widget-sow-editor so-widget-sow-editor-base\">\n<div class=\"siteorigin-widget-tinymce textwidget\">\n<div class=\"container\">\n<h1>Hopmann Garten- &amp; Freizeitmarkt &#8211; Gartentr\u00e4ume, die wahr werden!<\/h1>\n<p>Seit mehr als drei\u00dfig Jahren sind wir vom Hopmann Garten- und Freizeitmarkt der Ansprechpartner rund um das Thema Haus und Garten.<\/p>\n<p>Familienfreundlichkeit, Super- Service, kompetente Beratung und qualitativ hochwertige\u00a0Produkte zu fairen Preisen sind f\u00fcr uns nicht nur leere Phrasen sondern selbstverst\u00e4ndlich. Egal ob Sie sich f\u00fcr Gartenm\u00f6bel, Grills, Gartendeko, Pflanzen &amp; Baumschulware, Gartenger\u00e4te oder Pflanzenschutz interessieren, bei uns finden Sie ein breites Sortiment und die entsprechende Beratung in den Fachabteilungen. Wir erf\u00fcllen Ihnen alle W\u00fcnsche im Rahmen unserer M\u00f6glichkeiten.<\/p>\n<h2>Lassen Sie sich von uns beraten und \u00fcberzeugen Sie sich selbst!<\/h2>\n<p>Schauen Sie einfach bei uns vorbei und erfahren Sie mehr \u00fcber die aktuellen Trends rund um alles, was f\u00fcr ein stimmungsvolles Ambiente in Ihrem Zuhause dazu geh\u00f6rt. Finden Sie Ihre ganz pers\u00f6nlichen Gartentr\u00e4ume und lasses Sie diese wahr werden!<\/p>\n<\/div>\n<\/div>\n<\/div>\n<\/div>\n<div id=\"panel-4-0-0-1\" class=\"so-panel widget widget_sow-post-carousel panel-last-child\" data-index=\"1\" data-style=\"{&quot;background_image_attachment&quot;:false,&quot;background_display&quot;:&quot;tile&quot;,&quot;background_image_size&quot;:&quot;full&quot;,&quot;background_image_opacity&quot;:&quot;100&quot;,&quot;border_thickness&quot;:&quot;1px&quot;}\"><div\n\t\t\t\n\t\t\tclass=\"so-widget-sow-post-carousel so-widget-sow-post-carousel-base-b3fd412418ad\"\n\t\t\t\n\t\t>\t<div\n\t\tclass=\"sow-post-carousel-wrapper sow-post-carousel-theme-base\"\n\t\tstyle=\"overflow: hidden; max-width: 100%; min-height: 480px\"\n\t>\n\t\t<div class=\"sow-carousel-title has-title\">\n\t<h3 class=\"widget-title\">Aktuelles<\/h3>\t\t<div class=\"sow-carousel-navigation \">\n\t\t\t\t\t\t<a href=\"#\" class=\"sow-carousel-next\" title=\"Next\" aria-label=\"Next Posts\" role=\"button\"><\/a>\n\t\t\t\t\t\t<a href=\"#\" class=\"sow-carousel-previous\" title=\"Previous\" aria-label=\"Previous Posts\" role=\"button\"><\/a>\n\t\t\t\t\t<\/div>\n\t<\/div>\n\n<div class=\"sow-carousel-container \">\n\t\t<div class=\"sow-carousel-wrapper\"\n\t\tdata-dir=\"ltr\"\n\t\tstyle=\"opacity: 0;\"\n\t\tdata-widget=\"post\" data-fetching=\"false\" data-page=\"1\" data-ajax-url=\"https:\/\/www.hopmann-garten.de\/wp-admin\/admin-ajax.php?_widgets_nonce=dfb97ef568\" data-item_count=\"51\" data-carousel_settings=\"{&quot;loop&quot;:true,&quot;animation&quot;:&quot;ease&quot;,&quot;animation_speed&quot;:800,&quot;autoplay&quot;:&quot;off&quot;,&quot;pauseOnHover&quot;:&quot;&quot;,&quot;autoplaySpeed&quot;:&quot;8000&quot;,&quot;item_overflow&quot;:true,&quot;autoplay_continuous_scroll&quot;:false}\" data-responsive=\"{&quot;desktop_slides_to_scroll&quot;:1,&quot;tablet_landscape_breakpoint&quot;:1366,&quot;tablet_landscape_slides_to_scroll&quot;:2,&quot;tablet_portrait_breakpoint&quot;:1025,&quot;tablet_portrait_slides_to_scroll&quot;:2,&quot;mobile_breakpoint&quot;:480,&quot;mobile_slides_to_scroll&quot;:1}\" data-variable_width=\"true\" \t>\n\t\t<div\n\t\t\tclass=\"sow-carousel-items\"\n\t\t\t\t\t>\n\t\t\t\t<div class=\"sow-carousel-item\" tabindex=\"-1\" style=\"float: left;\">\n\t\t<div class=\"sow-carousel-thumbnail\">\n\t\t\t\t\t\t\t<a\n\t\t\t\t\thref=\"https:\/\/www.hopmann-garten.de\/?p=6037\"\n\t\t\t\t\t\t\t\t\t\tstyle=\"background-image: url( https:\/\/www.hopmann-garten.de\/wp-content\/uploads\/2020\/05\/Rheinschein-Xanten-960x480.jpg )\"\n\t\t\t\t\taria-labelledby=\"sow-carousel-id-6037\"\n\t\t\t\t\ttabindex=\"-1\"\n\t\t\t\t>\n\t\t\t\t\t<span class=\"overlay\"><\/span>\n\t\t\t\t<\/a>\n\t\t\t\t\t<\/div>\n\t\t<h3 class=\"sow-carousel-item-title\">\n\t\t\t<a\n\t\t\t\thref=\"https:\/\/www.hopmann-garten.de\/?p=6037\"\n\t\t\t\tid=\"sow-carousel-id-6037\"\n\t\t\t\t\t\t\t\ttabindex=\"-1\"\n\t\t\t>\n\n\t\t\t\tRheinschein Xanten\t\t\t<\/a>\n\t\t<\/h3>\n\t<\/div>\n\t\t<div class=\"sow-carousel-item\" tabindex=\"-1\" style=\"float: left;\">\n\t\t<div class=\"sow-carousel-thumbnail\">\n\t\t\t\t\t\t\t<a\n\t\t\t\t\thref=\"https:\/\/www.hopmann-garten.de\/?p=8568\"\n\t\t\t\t\t\t\t\t\t\tstyle=\"background-image: url( https:\/\/www.hopmann-garten.de\/wp-content\/uploads\/2023\/12\/IMG-20240111-WA0002-960x480.jpg )\"\n\t\t\t\t\taria-labelledby=\"sow-carousel-id-8568\"\n\t\t\t\t\ttabindex=\"-1\"\n\t\t\t\t>\n\t\t\t\t\t<span class=\"overlay\"><\/span>\n\t\t\t\t<\/a>\n\t\t\t\t\t<\/div>\n\t\t<h3 class=\"sow-carousel-item-title\">\n\t\t\t<a\n\t\t\t\thref=\"https:\/\/www.hopmann-garten.de\/?p=8568\"\n\t\t\t\tid=\"sow-carousel-id-8568\"\n\t\t\t\t\t\t\t\ttabindex=\"-1\"\n\t\t\t>\n\n\t\t\t\tRaysin Gie\u00dfpulver\t\t\t<\/a>\n\t\t<\/h3>\n\t<\/div>\n\t\t<div class=\"sow-carousel-item\" tabindex=\"-1\" style=\"float: left;\">\n\t\t<div class=\"sow-carousel-thumbnail\">\n\t\t\t\t\t\t\t<a\n\t\t\t\t\thref=\"https:\/\/www.hopmann-garten.de\/?p=7986\"\n\t\t\t\t\t\t\t\t\t\tstyle=\"background-image: url( https:\/\/www.hopmann-garten.de\/wp-content\/uploads\/2022\/02\/IMG-20240111-WA0008-960x480.jpg )\"\n\t\t\t\t\taria-labelledby=\"sow-carousel-id-7986\"\n\t\t\t\t\ttabindex=\"-1\"\n\t\t\t\t>\n\t\t\t\t\t<span class=\"overlay\"><\/span>\n\t\t\t\t<\/a>\n\t\t\t\t\t<\/div>\n\t\t<h3 class=\"sow-carousel-item-title\">\n\t\t\t<a\n\t\t\t\thref=\"https:\/\/www.hopmann-garten.de\/?p=7986\"\n\t\t\t\tid=\"sow-carousel-id-7986\"\n\t\t\t\t\t\t\t\ttabindex=\"-1\"\n\t\t\t>\n\n\t\t\t\tPlotterfolien neu im Sortiment\t\t\t<\/a>\n\t\t<\/h3>\n\t<\/div>\n\t\t<div class=\"sow-carousel-item\" tabindex=\"-1\" style=\"float: left;\">\n\t\t<div class=\"sow-carousel-thumbnail\">\n\t\t\t\t\t\t\t<a\n\t\t\t\t\thref=\"https:\/\/www.hopmann-garten.de\/?p=6592\"\n\t\t\t\t\t\t\t\t\t\tstyle=\"background-image: url( https:\/\/www.hopmann-garten.de\/wp-content\/uploads\/2020\/10\/Vorbereitungslehrgang-A4-Xanten-Fruehjahr-2026-1-pdf.jpg )\"\n\t\t\t\t\taria-labelledby=\"sow-carousel-id-6592\"\n\t\t\t\t\ttabindex=\"-1\"\n\t\t\t\t>\n\t\t\t\t\t<span class=\"overlay\"><\/span>\n\t\t\t\t<\/a>\n\t\t\t\t\t<\/div>\n\t\t<h3 class=\"sow-carousel-item-title\">\n\t\t\t<a\n\t\t\t\thref=\"https:\/\/www.hopmann-garten.de\/?p=6592\"\n\t\t\t\tid=\"sow-carousel-id-6592\"\n\t\t\t\t\t\t\t\ttabindex=\"-1\"\n\t\t\t>\n\n\t\t\t\tVorbereitungslehrgang zur Fischerpr\u00fcfung\t\t\t<\/a>\n\t\t<\/h3>\n\t<\/div>\n\t\t<div class=\"sow-carousel-item\" tabindex=\"-1\" style=\"float: left;\">\n\t\t<div class=\"sow-carousel-thumbnail\">\n\t\t\t\t\t\t\t<a\n\t\t\t\t\thref=\"https:\/\/www.hopmann-garten.de\/?p=2606\"\n\t\t\t\t\t\t\t\t\t\tstyle=\"background-image: url( https:\/\/www.hopmann-garten.de\/wp-content\/uploads\/2017\/10\/Feuerkorb_1509108859.jpg )\"\n\t\t\t\t\taria-labelledby=\"sow-carousel-id-2606\"\n\t\t\t\t\ttabindex=\"-1\"\n\t\t\t\t>\n\t\t\t\t\t<span class=\"overlay\"><\/span>\n\t\t\t\t<\/a>\n\t\t\t\t\t<\/div>\n\t\t<h3 class=\"sow-carousel-item-title\">\n\t\t\t<a\n\t\t\t\thref=\"https:\/\/www.hopmann-garten.de\/?p=2606\"\n\t\t\t\tid=\"sow-carousel-id-2606\"\n\t\t\t\t\t\t\t\ttabindex=\"-1\"\n\t\t\t>\n\n\t\t\t\tFeuerschalen und Feuerk\u00f6rbe\t\t\t<\/a>\n\t\t<\/h3>\n\t<\/div>\n\t\t<div class=\"sow-carousel-item\" tabindex=\"-1\" style=\"float: left;\">\n\t\t<div class=\"sow-carousel-thumbnail\">\n\t\t\t\t\t\t\t<a\n\t\t\t\t\thref=\"https:\/\/www.hopmann-garten.de\/?p=520\"\n\t\t\t\t\t\t\t\t\t\tstyle=\"background-image: url( https:\/\/www.hopmann-garten.de\/wp-content\/uploads\/2016\/02\/rasen_1455113834.jpg )\"\n\t\t\t\t\taria-labelledby=\"sow-carousel-id-520\"\n\t\t\t\t\ttabindex=\"-1\"\n\t\t\t\t>\n\t\t\t\t\t<span class=\"overlay\"><\/span>\n\t\t\t\t<\/a>\n\t\t\t\t\t<\/div>\n\t\t<h3 class=\"sow-carousel-item-title\">\n\t\t\t<a\n\t\t\t\thref=\"https:\/\/www.hopmann-garten.de\/?p=520\"\n\t\t\t\tid=\"sow-carousel-id-520\"\n\t\t\t\t\t\t\t\ttabindex=\"-1\"\n\t\t\t>\n\n\t\t\t\tRasenpflege im Fr\u00fchjahr\t\t\t<\/a>\n\t\t<\/h3>\n\t<\/div>\n\t\t<div class=\"sow-carousel-item\" tabindex=\"-1\" style=\"float: left;\">\n\t\t<div class=\"sow-carousel-thumbnail\">\n\t\t\t\t\t\t\t<a\n\t\t\t\t\thref=\"https:\/\/www.hopmann-garten.de\/?p=523\"\n\t\t\t\t\t\t\t\t\t\tstyle=\"background-image: url( https:\/\/www.hopmann-garten.de\/wp-content\/uploads\/2016\/02\/ratte_1455118864.jpg )\"\n\t\t\t\t\taria-labelledby=\"sow-carousel-id-523\"\n\t\t\t\t\ttabindex=\"-1\"\n\t\t\t\t>\n\t\t\t\t\t<span class=\"overlay\"><\/span>\n\t\t\t\t<\/a>\n\t\t\t\t\t<\/div>\n\t\t<h3 class=\"sow-carousel-item-title\">\n\t\t\t<a\n\t\t\t\thref=\"https:\/\/www.hopmann-garten.de\/?p=523\"\n\t\t\t\tid=\"sow-carousel-id-523\"\n\t\t\t\t\t\t\t\ttabindex=\"-1\"\n\t\t\t>\n\n\t\t\t\tRatten und M\u00e4use bek\u00e4mpfen!\t\t\t<\/a>\n\t\t<\/h3>\n\t<\/div>\n\t\t<div class=\"sow-carousel-item\" tabindex=\"-1\" style=\"float: left;\">\n\t\t<div class=\"sow-carousel-thumbnail\">\n\t\t\t\t\t\t\t<a\n\t\t\t\t\thref=\"https:\/\/www.hopmann-garten.de\/?p=514\"\n\t\t\t\t\t\t\t\t\t\tstyle=\"background-image: url( https:\/\/www.hopmann-garten.de\/wp-content\/uploads\/2016\/02\/obstbaum_1455098268.jpg )\"\n\t\t\t\t\taria-labelledby=\"sow-carousel-id-514\"\n\t\t\t\t\ttabindex=\"-1\"\n\t\t\t\t>\n\t\t\t\t\t<span class=\"overlay\"><\/span>\n\t\t\t\t<\/a>\n\t\t\t\t\t<\/div>\n\t\t<h3 class=\"sow-carousel-item-title\">\n\t\t\t<a\n\t\t\t\thref=\"https:\/\/www.hopmann-garten.de\/?p=514\"\n\t\t\t\tid=\"sow-carousel-id-514\"\n\t\t\t\t\t\t\t\ttabindex=\"-1\"\n\t\t\t>\n\n\t\t\t\tObstbaumschnitt jetzt im Februar!\t\t\t<\/a>\n\t\t<\/h3>\n\t<\/div>\n\t\t<div class=\"sow-carousel-item\" tabindex=\"-1\" style=\"float: left;\">\n\t\t<div class=\"sow-carousel-thumbnail\">\n\t\t\t\t\t\t\t<a\n\t\t\t\t\thref=\"https:\/\/www.hopmann-garten.de\/?p=6860\"\n\t\t\t\t\t\t\t\t\t\tstyle=\"background-image: url( https:\/\/www.hopmann-garten.de\/wp-content\/uploads\/2024\/10\/IMG_6868-e1728654766865-960x480.jpg )\"\n\t\t\t\t\taria-labelledby=\"sow-carousel-id-6860\"\n\t\t\t\t\ttabindex=\"-1\"\n\t\t\t\t>\n\t\t\t\t\t<span class=\"overlay\"><\/span>\n\t\t\t\t<\/a>\n\t\t\t\t\t<\/div>\n\t\t<h3 class=\"sow-carousel-item-title\">\n\t\t\t<a\n\t\t\t\thref=\"https:\/\/www.hopmann-garten.de\/?p=6860\"\n\t\t\t\tid=\"sow-carousel-id-6860\"\n\t\t\t\t\t\t\t\ttabindex=\"-1\"\n\t\t\t>\n\n\t\t\t\tAdventssamstage 2025\t\t\t<\/a>\n\t\t<\/h3>\n\t<\/div>\n\t\t<div class=\"sow-carousel-item\" tabindex=\"-1\" style=\"float: left;\">\n\t\t<div class=\"sow-carousel-thumbnail\">\n\t\t\t\t\t\t\t<a\n\t\t\t\t\thref=\"https:\/\/www.hopmann-garten.de\/?p=8135\"\n\t\t\t\t\t\t\t\t\t\tstyle=\"background-image: url( https:\/\/www.hopmann-garten.de\/wp-content\/uploads\/2022\/10\/0317_C4-960x480.jpg )\"\n\t\t\t\t\taria-labelledby=\"sow-carousel-id-8135\"\n\t\t\t\t\ttabindex=\"-1\"\n\t\t\t\t>\n\t\t\t\t\t<span class=\"overlay\"><\/span>\n\t\t\t\t<\/a>\n\t\t\t\t\t<\/div>\n\t\t<h3 class=\"sow-carousel-item-title\">\n\t\t\t<a\n\t\t\t\thref=\"https:\/\/www.hopmann-garten.de\/?p=8135\"\n\t\t\t\tid=\"sow-carousel-id-8135\"\n\t\t\t\t\t\t\t\ttabindex=\"-1\"\n\t\t\t>\n\n\t\t\t\tAngelabteilung erweitert!\t\t\t<\/a>\n\t\t<\/h3>\n\t<\/div>\n\t\t<div class=\"sow-carousel-item\" tabindex=\"-1\" style=\"float: left;\">\n\t\t<div class=\"sow-carousel-thumbnail\">\n\t\t\t\t\t\t\t<a\n\t\t\t\t\thref=\"https:\/\/www.hopmann-garten.de\/?p=7562\"\n\t\t\t\t\t\t\t\t\t\tstyle=\"background-image: url( https:\/\/www.hopmann-garten.de\/wp-content\/uploads\/2021\/03\/worm-2934958_1920-960x480.jpg )\"\n\t\t\t\t\taria-labelledby=\"sow-carousel-id-7562\"\n\t\t\t\t\ttabindex=\"-1\"\n\t\t\t\t>\n\t\t\t\t\t<span class=\"overlay\"><\/span>\n\t\t\t\t<\/a>\n\t\t\t\t\t<\/div>\n\t\t<h3 class=\"sow-carousel-item-title\">\n\t\t\t<a\n\t\t\t\thref=\"https:\/\/www.hopmann-garten.de\/?p=7562\"\n\t\t\t\tid=\"sow-carousel-id-7562\"\n\t\t\t\t\t\t\t\ttabindex=\"-1\"\n\t\t\t>\n\n\t\t\t\tLebendk\u00f6der zum Angeln\t\t\t<\/a>\n\t\t<\/h3>\n\t<\/div>\n\t\t<div class=\"sow-carousel-item\" tabindex=\"-1\" style=\"float: left;\">\n\t\t<div class=\"sow-carousel-thumbnail\">\n\t\t\t\t\t\t\t<a\n\t\t\t\t\thref=\"https:\/\/www.hopmann-garten.de\/?p=7500\"\n\t\t\t\t\t\t\t\t\t\tstyle=\"background-image: url( https:\/\/www.hopmann-garten.de\/wp-content\/uploads\/2021\/02\/IMG_20210209_143252-e1612877990372-960x480.jpg )\"\n\t\t\t\t\taria-labelledby=\"sow-carousel-id-7500\"\n\t\t\t\t\ttabindex=\"-1\"\n\t\t\t\t>\n\t\t\t\t\t<span class=\"overlay\"><\/span>\n\t\t\t\t<\/a>\n\t\t\t\t\t<\/div>\n\t\t<h3 class=\"sow-carousel-item-title\">\n\t\t\t<a\n\t\t\t\thref=\"https:\/\/www.hopmann-garten.de\/?p=7500\"\n\t\t\t\tid=\"sow-carousel-id-7500\"\n\t\t\t\t\t\t\t\ttabindex=\"-1\"\n\t\t\t>\n\n\t\t\t\tGLS Paketshop\t\t\t<\/a>\n\t\t<\/h3>\n\t<\/div>\n\t\t<div class=\"sow-carousel-item\" tabindex=\"-1\" style=\"float: left;\">\n\t\t<div class=\"sow-carousel-thumbnail\">\n\t\t\t\t\t\t\t<a\n\t\t\t\t\thref=\"https:\/\/www.hopmann-garten.de\/?p=6741\"\n\t\t\t\t\t\t\t\t\t\tstyle=\"background-image: url( https:\/\/www.hopmann-garten.de\/wp-content\/uploads\/2020\/09\/Angelgeraete-960x480.jpg )\"\n\t\t\t\t\taria-labelledby=\"sow-carousel-id-6741\"\n\t\t\t\t\ttabindex=\"-1\"\n\t\t\t\t>\n\t\t\t\t\t<span class=\"overlay\"><\/span>\n\t\t\t\t<\/a>\n\t\t\t\t\t<\/div>\n\t\t<h3 class=\"sow-carousel-item-title\">\n\t\t\t<a\n\t\t\t\thref=\"https:\/\/www.hopmann-garten.de\/?p=6741\"\n\t\t\t\tid=\"sow-carousel-id-6741\"\n\t\t\t\t\t\t\t\ttabindex=\"-1\"\n\t\t\t>\n\n\t\t\t\tAngelger\u00e4te von Zebco\t\t\t<\/a>\n\t\t<\/h3>\n\t<\/div>\n\t\t<div class=\"sow-carousel-item\" tabindex=\"-1\" style=\"float: left;\">\n\t\t<div class=\"sow-carousel-thumbnail\">\n\t\t\t\t\t\t\t<a\n\t\t\t\t\thref=\"https:\/\/www.hopmann-garten.de\/?p=6200\"\n\t\t\t\t\t\t\t\t\t\tstyle=\"background-image: url( https:\/\/www.hopmann-garten.de\/wp-content\/uploads\/2020\/05\/IMG_20190623_150428-960x480.jpg )\"\n\t\t\t\t\taria-labelledby=\"sow-carousel-id-6200\"\n\t\t\t\t\ttabindex=\"-1\"\n\t\t\t\t>\n\t\t\t\t\t<span class=\"overlay\"><\/span>\n\t\t\t\t<\/a>\n\t\t\t\t\t<\/div>\n\t\t<h3 class=\"sow-carousel-item-title\">\n\t\t\t<a\n\t\t\t\thref=\"https:\/\/www.hopmann-garten.de\/?p=6200\"\n\t\t\t\tid=\"sow-carousel-id-6200\"\n\t\t\t\t\t\t\t\ttabindex=\"-1\"\n\t\t\t>\n\n\t\t\t\tFischereierlaubnisscheine Xantener Nord- und S\u00fcdsee\t\t\t<\/a>\n\t\t<\/h3>\n\t<\/div>\n\t\t\t<\/div>\n\t\t\t<\/div>\n\n\t<\/div>\n\t\t<input type=\"hidden\" name=\"instance_hash\" value=\"c9e95c5b\"\/>\n\t<\/div>\n<\/div><\/div>\n<\/div>\n<\/div>\n<\/div>\n","protected":false},"excerpt":{"rendered":"<p>Hopmann Garten- &amp; Freizeitmarkt &#8211; Gartentr\u00e4ume, die wahr werden! Seit mehr als drei\u00dfig Jahren sind wir vom Hopmann Garten- und Freizeitmarkt der Ansprechpartner rund um das Thema Haus und Garten. Familienfreundlichkeit, Super- Service, kompetente Beratung und qualitativ hochwertige\u00a0Produkte zu fairen Preisen sind f\u00fcr uns nicht nur leere Phrasen sondern selbstverst\u00e4ndlich. Egal ob Sie sich f\u00fcr [&hellip;]<\/p>\n","protected":false},"author":1,"featured_media":0,"parent":0,"menu_order":0,"comment_status":"closed","ping_status":"closed","template":"","meta":{"footnotes":""},"class_list":["post-4","page","type-page","status-publish","hentry"],"ams_acf":[],"yoast_head":"<!-- This site is optimized with the Yoast SEO plugin v27.4 - https:\/\/yoast.com\/product\/yoast-seo-wordpress\/ -->\n<title>Hopmann Garten- und Freizeitmarkt Xanten Gartencenter<\/title>\n<meta name=\"description\" content=\"Im Hopmann Garten- und Freizeitmarkt in Xanten finden Sie Gartenm\u00f6bel, Grills, Dekoartikel, Bastelartikel, Angelger\u00e4te und vieles mehr.\" \/>\n<meta name=\"robots\" content=\"index, follow, max-snippet:-1, max-image-preview:large, max-video-preview:-1\" \/>\n<link rel=\"canonical\" href=\"https:\/\/www.hopmann-garten.de\/\" \/>\n<meta property=\"og:locale\" content=\"de_DE\" \/>\n<meta property=\"og:type\" content=\"article\" \/>\n<meta property=\"og:title\" content=\"Hopmann Garten- und Freizeitmarkt Xanten Gartencenter\" \/>\n<meta property=\"og:description\" content=\"Im Hopmann Garten- und Freizeitmarkt in Xanten finden Sie Gartenm\u00f6bel, Grills, Dekoartikel, Bastelartikel, Angelger\u00e4te und vieles mehr.\" \/>\n<meta property=\"og:url\" content=\"https:\/\/www.hopmann-garten.de\/\" \/>\n<meta property=\"article:publisher\" content=\"https:\/\/www.facebook.com\/HopmannGM\" \/>\n<meta property=\"article:modified_time\" content=\"2025-02-18T11:22:35+00:00\" \/>\n<meta name=\"twitter:card\" content=\"summary_large_image\" \/>\n<meta name=\"twitter:label1\" content=\"Gesch\u00e4tzte Lesezeit\" \/>\n\t<meta name=\"twitter:data1\" content=\"1\u00a0Minute\" \/>\n<script type=\"application\/ld+json\" class=\"yoast-schema-graph\">{\"@context\":\"https:\\\/\\\/schema.org\",\"@graph\":[{\"@type\":\"WebPage\",\"@id\":\"https:\\\/\\\/www.hopmann-garten.de\\\/\",\"url\":\"https:\\\/\\\/www.hopmann-garten.de\\\/\",\"name\":\"Hopmann Garten- und Freizeitmarkt Xanten Gartencenter\",\"isPartOf\":{\"@id\":\"https:\\\/\\\/www.hopmann-garten.de\\\/#website\"},\"datePublished\":\"2016-01-25T08:14:47+00:00\",\"dateModified\":\"2025-02-18T11:22:35+00:00\",\"description\":\"Im Hopmann Garten- und Freizeitmarkt in Xanten finden Sie Gartenm\u00f6bel, Grills, Dekoartikel, Bastelartikel, Angelger\u00e4te und vieles mehr.\",\"breadcrumb\":{\"@id\":\"https:\\\/\\\/www.hopmann-garten.de\\\/#breadcrumb\"},\"inLanguage\":\"de\",\"potentialAction\":[{\"@type\":\"ReadAction\",\"target\":[\"https:\\\/\\\/www.hopmann-garten.de\\\/\"]}]},{\"@type\":\"BreadcrumbList\",\"@id\":\"https:\\\/\\\/www.hopmann-garten.de\\\/#breadcrumb\",\"itemListElement\":[{\"@type\":\"ListItem\",\"position\":1,\"name\":\"Home\",\"item\":\"https:\\\/\\\/www.hopmann-garten.de\\\/\"},{\"@type\":\"ListItem\",\"position\":2,\"name\":\"Hopmann Garten- und Freizeitmarkt\"}]},{\"@type\":\"WebSite\",\"@id\":\"https:\\\/\\\/www.hopmann-garten.de\\\/#website\",\"url\":\"https:\\\/\\\/www.hopmann-garten.de\\\/\",\"name\":\"\",\"description\":\"\",\"publisher\":{\"@id\":\"https:\\\/\\\/www.hopmann-garten.de\\\/#organization\"},\"potentialAction\":[{\"@type\":\"SearchAction\",\"target\":{\"@type\":\"EntryPoint\",\"urlTemplate\":\"https:\\\/\\\/www.hopmann-garten.de\\\/?s={search_term_string}\"},\"query-input\":{\"@type\":\"PropertyValueSpecification\",\"valueRequired\":true,\"valueName\":\"search_term_string\"}}],\"inLanguage\":\"de\"},{\"@type\":\"Organization\",\"@id\":\"https:\\\/\\\/www.hopmann-garten.de\\\/#organization\",\"name\":\"Mobau Hopmann GmbH Garten- und Freizeitmarkt\",\"url\":\"https:\\\/\\\/www.hopmann-garten.de\\\/\",\"logo\":{\"@type\":\"ImageObject\",\"inLanguage\":\"de\",\"@id\":\"https:\\\/\\\/www.hopmann-garten.de\\\/#\\\/schema\\\/logo\\\/image\\\/\",\"url\":\"https:\\\/\\\/www.hopmann-garten.de\\\/wp-content\\\/uploads\\\/2025\\\/02\\\/image.png\",\"contentUrl\":\"https:\\\/\\\/www.hopmann-garten.de\\\/wp-content\\\/uploads\\\/2025\\\/02\\\/image.png\",\"width\":2823,\"height\":421,\"caption\":\"Mobau Hopmann GmbH Garten- und Freizeitmarkt\"},\"image\":{\"@id\":\"https:\\\/\\\/www.hopmann-garten.de\\\/#\\\/schema\\\/logo\\\/image\\\/\"},\"sameAs\":[\"https:\\\/\\\/www.facebook.com\\\/HopmannGM\",\"https:\\\/\\\/www.instagram.com\\\/garten_freizeitmarkt_hopmann\\\/\"]}]}<\/script>\n<!-- \/ Yoast SEO plugin. -->","yoast_head_json":{"title":"Hopmann Garten- und Freizeitmarkt Xanten Gartencenter","description":"Im Hopmann Garten- und Freizeitmarkt in Xanten finden Sie Gartenm\u00f6bel, Grills, Dekoartikel, Bastelartikel, Angelger\u00e4te und vieles mehr.","robots":{"index":"index","follow":"follow","max-snippet":"max-snippet:-1","max-image-preview":"max-image-preview:large","max-video-preview":"max-video-preview:-1"},"canonical":"https:\/\/www.hopmann-garten.de\/","og_locale":"de_DE","og_type":"article","og_title":"Hopmann Garten- und Freizeitmarkt Xanten Gartencenter","og_description":"Im Hopmann Garten- und Freizeitmarkt in Xanten finden Sie Gartenm\u00f6bel, Grills, Dekoartikel, Bastelartikel, Angelger\u00e4te und vieles mehr.","og_url":"https:\/\/www.hopmann-garten.de\/","article_publisher":"https:\/\/www.facebook.com\/HopmannGM","article_modified_time":"2025-02-18T11:22:35+00:00","twitter_card":"summary_large_image","twitter_misc":{"Gesch\u00e4tzte Lesezeit":"1\u00a0Minute"},"schema":{"@context":"https:\/\/schema.org","@graph":[{"@type":"WebPage","@id":"https:\/\/www.hopmann-garten.de\/","url":"https:\/\/www.hopmann-garten.de\/","name":"Hopmann Garten- und Freizeitmarkt Xanten Gartencenter","isPartOf":{"@id":"https:\/\/www.hopmann-garten.de\/#website"},"datePublished":"2016-01-25T08:14:47+00:00","dateModified":"2025-02-18T11:22:35+00:00","description":"Im Hopmann Garten- und Freizeitmarkt in Xanten finden Sie Gartenm\u00f6bel, Grills, Dekoartikel, Bastelartikel, Angelger\u00e4te und vieles mehr.","breadcrumb":{"@id":"https:\/\/www.hopmann-garten.de\/#breadcrumb"},"inLanguage":"de","potentialAction":[{"@type":"ReadAction","target":["https:\/\/www.hopmann-garten.de\/"]}]},{"@type":"BreadcrumbList","@id":"https:\/\/www.hopmann-garten.de\/#breadcrumb","itemListElement":[{"@type":"ListItem","position":1,"name":"Home","item":"https:\/\/www.hopmann-garten.de\/"},{"@type":"ListItem","position":2,"name":"Hopmann Garten- und Freizeitmarkt"}]},{"@type":"WebSite","@id":"https:\/\/www.hopmann-garten.de\/#website","url":"https:\/\/www.hopmann-garten.de\/","name":"","description":"","publisher":{"@id":"https:\/\/www.hopmann-garten.de\/#organization"},"potentialAction":[{"@type":"SearchAction","target":{"@type":"EntryPoint","urlTemplate":"https:\/\/www.hopmann-garten.de\/?s={search_term_string}"},"query-input":{"@type":"PropertyValueSpecification","valueRequired":true,"valueName":"search_term_string"}}],"inLanguage":"de"},{"@type":"Organization","@id":"https:\/\/www.hopmann-garten.de\/#organization","name":"Mobau Hopmann GmbH Garten- und Freizeitmarkt","url":"https:\/\/www.hopmann-garten.de\/","logo":{"@type":"ImageObject","inLanguage":"de","@id":"https:\/\/www.hopmann-garten.de\/#\/schema\/logo\/image\/","url":"https:\/\/www.hopmann-garten.de\/wp-content\/uploads\/2025\/02\/image.png","contentUrl":"https:\/\/www.hopmann-garten.de\/wp-content\/uploads\/2025\/02\/image.png","width":2823,"height":421,"caption":"Mobau Hopmann GmbH Garten- und Freizeitmarkt"},"image":{"@id":"https:\/\/www.hopmann-garten.de\/#\/schema\/logo\/image\/"},"sameAs":["https:\/\/www.facebook.com\/HopmannGM","https:\/\/www.instagram.com\/garten_freizeitmarkt_hopmann\/"]}]}},"_links":{"self":[{"href":"https:\/\/www.hopmann-garten.de\/index.php?rest_route=\/wp\/v2\/pages\/4","targetHints":{"allow":["GET"]}}],"collection":[{"href":"https:\/\/www.hopmann-garten.de\/index.php?rest_route=\/wp\/v2\/pages"}],"about":[{"href":"https:\/\/www.hopmann-garten.de\/index.php?rest_route=\/wp\/v2\/types\/page"}],"author":[{"embeddable":true,"href":"https:\/\/www.hopmann-garten.de\/index.php?rest_route=\/wp\/v2\/users\/1"}],"replies":[{"embeddable":true,"href":"https:\/\/www.hopmann-garten.de\/index.php?rest_route=%2Fwp%2Fv2%2Fcomments&post=4"}],"version-history":[{"count":11,"href":"https:\/\/www.hopmann-garten.de\/index.php?rest_route=\/wp\/v2\/pages\/4\/revisions"}],"predecessor-version":[{"id":9782,"href":"https:\/\/www.hopmann-garten.de\/index.php?rest_route=\/wp\/v2\/pages\/4\/revisions\/9782"}],"wp:attachment":[{"href":"https:\/\/www.hopmann-garten.de\/index.php?rest_route=%2Fwp%2Fv2%2Fmedia&parent=4"}],"curies":[{"name":"wp","href":"https:\/\/api.w.org\/{rel}","templated":true}]}}